h) = h - 5. Let s be o(3). Let z be 109/1 + (-1 - s) - 2. Suppose -27 - 18 = -u + 2*a, -2*u - 2*a + z = 0. What are the prime factors of u?
3, 17
Let l be 2 - ((-16)/8 + 1). Suppose l*q - 837 = 5*g, -q + 3*g + 559 = q. List the prime factors of q.
2, 71
Suppose -17*f + 272756 = -109268. List the prime factors of f.
2, 53
Let d be (-1 - 12/(-3))*867. Let r = -1597 + d. What are the prime factors of r?
2, 251
List the prime factors of -54 + 43 - (-46*4272)/4.
49117
Let j = -54 + 59. Suppose 0 = 3*x - 3*x + j*x. Suppose x = 11*h + 127 - 809. What are the prime factors of h?
2, 31
Let g = 47 - 30. Let h(z) = 0*z**2 + 0 + g*z - 5*z - 13 + 2*z**2. List the prime factors of h(-13).
13
Suppose 0 = -2*h - 5*s + 174, -98 = -h - s + 4*s. Suppose -h*y = -86*y - 690. What are the prime factors of y?
5, 23
Suppose -5*o + 27*l - 23*l = 0, 0 = -3*o + 2*l. Suppose -3*h + o*h + 726 = 0. What are the prime factors of h?
2, 11
Let d be 659 + (15/3 - 10). Suppose -2*k + d = 44. Suppose -50*b + 45*b = -k. What are the prime factors of b?
61
Let t be (-64)/(-10)*(-1665)/(-74). Suppose 4*h - 1936 = -5*g, h + t = 2*g + 615. List the prime factors of h.
479
Suppose -10*a = -5*a - 10. Suppose 5*v + 1716 = 4*u, -u + a*v + 429 = 7*v. What are the prime factors of u?
3, 11, 13
Suppose 114*a = 122*a - 58024. List the prime factors of a.
7253
Let r(y) = -2*y**3 + 7*y**2 - y + 8. Let j be r(-5). List the prime factors of (6/(-2))/((-6)/j).
3, 73
Let v = -4926 + 15146. List the prime factors of v.
2, 5, 7, 73
Suppose v + 3*o - 4559 = 0, 12*v + 4*o = 10*v + 9114. What are the prime factors of v?
29, 157
What are the prime factors of -393*(5800/15)/(-8) - -3?
2, 7, 23, 59
Let c(y) = -27*y - 167. Let p be c(-14). Suppose 0 = 204*v - p*v + 4263. List the prime factors of v.
3, 7, 29
Let l = 688 - 272. Let g = -240 + l. What are the prime factors of g?
2, 11
Let c(h) = -6*h + 2. Let j be c(-3). Suppose 5*z = j + 55. Let s(k) = 2*k + 20. What are the prime factors of s(z)?
2, 5
Let q be (-4)/14 - 66/(-539)*-14. List the prime factors of (-29963)/(-171) + q/9.
5, 7
Let n = 13 - 17. Let w be 5*(620/(-50))/(n/2). Suppose 7*r - w - 200 = 0. List the prime factors of r.
3, 11
Suppose -5*s + 2374 = -6*s - 4*k, 5*s = -2*k - 11780. Let i = s + 3762. Suppose 9*u + 346 = i. List the prime factors of u.
2, 59
Let d = 190 - 22. Let o = 216 + d. What are the prime factors of o?
2, 3
Let a = 49118 - 33799. List the prime factors of a.
15319
Suppose 112*m - 141550 = 17*m. List the prime factors of m.
2, 5, 149
What are the prime factors of (-13880)/(-27) - (-244)/(-3294)?
2, 257
Let f(a) = 17 + 929*a - 10 - 324*a. What are the prime factors of f(2)?
1217
Suppose -6*l + 1 + 23 = 0. List the prime factors of ((1 - -302) + 3)/(5 - l).
2, 3, 17
Let s = 11398 - 4807. What are the prime factors of s?
3, 13
Let b be 6/(-21) - (-744)/56. Suppose 20 = 4*o, 0 = 3*y + o - 2*o - b. Suppose 0 = -r + 1, 2*f - y*r - 359 = -3*r. What are the prime factors of f?
181
Suppose 3*l + 5*f + 1824 = 0, -2447 = 4*l + 4*f - 23. Suppose 2*o - 3*o - 852 = 0. Let m = l - o. List the prime factors of m.
3, 83
Let s(m) = 16*m**3 - 2*m**2 + 6. Let n(d) = 2 + 4*d - 4*d + 6*d - 4*d**2 - d**3 - d. Let f be n(-5). List the prime factors of s(f).
2, 3, 7
Let n(s) = -s**3 + 53*s**2 + 34*s - 661. What are the prime factors of n(41)?
5, 37, 113
Suppose -3*z = -0*z + 3*l + 24, z + 2*l = -10. Let u be z/(-2) - (-464 - -6). Suppose 0 = 12*m - 163 - u. List the prime factors of m.
2, 13
Let w = -57548 + 123268. What are the prime factors of w?
2, 5, 31, 53
Let o(m) be the third derivative of -m**4/24 + m**3/2 - 17*m**2. Let y be o(2). Let p(w) = 21*w**2 + 3*w - 2. What are the prime factors of p(y)?
2, 11
Suppose 75*j - 296200 = 50*j. What are the prime factors of j?
2, 1481
Let b(k) = 247*k - 7. Let o(l) = -248*l + 7. Let i(n) = -6*b(n) - 7*o(n). List the prime factors of i(1).
13, 19
List the prime factors of (13 - -9) + -7 + 84829.
2, 21211
Let r(v) = -12*v + 91. Let j be r(0). List the prime factors of 43017/j + 10/35.
11, 43
Let i = 91 - 80. Suppose 4428 = i*d - 7*d. Suppose t = -t - 4*s + 422, 5*t - 3*s = d. List the prime factors of t.
3, 73
Let g = -5258 + 5562. List the prime factors of g.
2, 19
Suppose 401*r - 1597525 - 1690506 - 699914 = 0. List the prime factors of r.
3, 5, 13, 17
Suppose 48*w + 47*w - 22325 = 0. What are the prime factors of w?
5, 47
What are the prime factors of 252*35/45*30?
2, 3, 5, 7
Suppose 0 = f - 3, -b = -3*f + 1 - 2. Suppose 24 = b*x - 4*x. Suppose q + 2*r - 69 = 0, 3*q + x*r - 203 = -0*q. What are the prime factors of q?
5, 13
Suppose -31 = -o + 8*i - 3*i, 0 = 4*i + 12. Suppose 16107 = 55*j - o*j. List the prime factors of j.
7, 59
Suppose 0 = -k - 35 + 40. Suppose -k*o + 16 = 2*z, -7 = o - 3. List the prime factors of 986/z + 14/63.
5, 11
Let s = 77145 + -39696. What are the prime factors of s?
3, 19, 73
Let t be 654 - (0 - 2 - -6). Suppose -3*m + 4*z + 2631 = 0, 0 = 3*m + 4*z + t - 3281. What are the prime factors of m?
877
Let v(n) be the second derivative of 7*n**5/20 + 11*n**4/12 + n**3/3 + 25*n. Let f(d) be the second derivative of v(d). List the prime factors of f(5).
2, 29
Suppose -5*m - 33*m + 161700 = -13*m. List the prime factors of m.
2, 3, 7, 11
Suppose -8 - 1 = -f. Suppose 0 = -4*a + f + 7. Suppose 45 = a*s - 3*s. What are the prime factors of s?
3, 5
Let y(w) = 3*w**3 - w**2 - 6*w + 4. Let o be y(4). Suppose 14*g = 11*g - o. List the prime factors of (-3)/4 - 403/g.
7
Let c = 10444 - -20. Suppose 491*r - c = 475*r. List the prime factors of r.
2, 3, 109
Let o = 35 - 28. Suppose -2*v + 4*n + 1178 = 0, -2*n + 1175 = 2*v - o*n. List the prime factors of v.
5, 7, 17
Let s(z) = -2*z**3 - 26*z**2 - 16*z - 15. Let i be s(-16). Suppose 6*d - i = 323. List the prime factors of d.
2, 5, 7
Let p(v) = 124*v**2 - 35*v + 50. What are the prime factors of p(-8)?
2, 4133
Let o(g) = 8*g**2 + 9*g + 28. Let w = 124 + -138. Let h = 10 + w. List the prime factors of o(h).
2, 3, 5
Suppose -23 + 32 = -10*h + 709. What are the prime factors of h?
2, 5, 7
Let p(q) = -q**3 - 12*q**2 - 15*q - 29. Let g be p(-13). Suppose -v + g = o - 13, 3*o - 1019 = 2*v. List the prime factors of o.
7
Let h(w) = 50*w - 10. Let k be h(-11). Let l = 998 + k. What are the prime factors of l?
2, 3, 73
Let y = -65163 - -129023. What are the prime factors of y?
2, 5, 31, 103
Let v be (-4)/(-10) - ((-3348)/30)/6. Suppose -92 = o + 5*p + v, -5*p - 20 = 0. Let f = o - -229. What are the prime factors of f?
2, 3, 23
Suppose 0 = 22*c - 18*c - 192. List the prime factors of 24924/42 + c/84.
2, 3, 11
Suppose -33371 = 56*z + z - 239996. What are the prime factors of z?
5, 29
Let h(q) = 29*q + 8. Let g be h(14). What are the prime factors of 127834/g + 2/9?
3, 103
Suppose 5*c - 40 = 5*i, -7*c - 20 = -8*c + 5*i. Suppose 6*b + 3*f = b + 3714, 5*b - c*f - 3730 = 0. What are the prime factors of b?
2, 3, 31
Let s(t) = -4*t**2 + 34*t - 75. Let h be s(11). Let x = 453 + h. What are the prime factors of x?
2, 67
Let d = -11937 + 14861. What are the prime factors of d?
2, 17, 43
Let h(k) = 3322*k - 38. What are the prime factors of h(3)?
2, 17, 73
Suppose 2*n = 5*l - n - 40, 10 = -2*n. Let d(b) = 7*b + 70. Let r be d(15). Suppose -3*m + l*z = -r, -4*z + 163 + 49 = 4*m. What are the prime factors of m?
5, 11
Suppose 38 = 5*a - 12. Suppose a*x - 16*x = -894. Suppose -144*g - 1075 = -x*g. List the prime factors of g.
5, 43
Suppose 0 = 5*h, -4*w + 6*w = 4*h - 7*h + 24228. List the prime factors of w.
2, 3, 673
Suppose 0 = -18*d + 14*d - 944. Let l = -143 - d. Let j = 344 - l. What are the prime factors of j?
251
Suppose -4*x + 5*o + 41703 = 0, 13*x + 3*o + 20853 = 15*x. List the prime factors of x.
2, 3, 193
Let x = -51 - -47. Let d be ((4 + 248)/x)/(-1). Let u = d - 39. List the prime factors of u.
2, 3
Suppose 20 = u + 13. Let y(z) = 14*z**2 - 10*z + 6. What are the prime factors of y(u)?
2, 311
Let s(h) = -9661*h - 154. What are the prime factors of s(-1)?
3, 3169
Let k be ((-8)/(-18))/(4/18). Suppose -4*d = -3*s - 2833 - 403, d - k*s - 814 = 0. Suppose -2*i + d = 4*c, -2*c = 2*i + 3*i - 423. List the prime factors of c.
199
Let h = -1835 - -82232. List the prime factors of h.
3, 8933
Let x = 102 - 96. Let m(g) = 19*g**2 - 15*g + 37. What are the p